 10. Suppose 4*y - 5*d = -18, -4*d = -4*y - 0*d - 16. What are the prime factors of j(y)?
2, 3, 17
Let s(t) = t**3 + 4*t**2 - 3*t + 1. Let z(f) = 4*f**3 + 11*f**2 - 10*f + 3. Let l(g) = 7*s(g) - 2*z(g). List the prime factors of l(4).
29
Let q(m) be the second derivative of m**5/20 + m**4/2 + m**3 + 7*m**2/2 - 5*m. Let w be q(-5). Suppose -f + w = -2. What are the prime factors of f?
2
List the prime factors of 2045*1*(-11)/((-495)/18).
2, 409
Let g be (184/(-6) - (-12)/18) + 0. Let t = 76 + g. List the prime factors of t.
2, 23
Let t be (0 - -4)/((-2)/4). Let l be (6/9)/(t/84). Let p(q) = -q**2 - 6*q + 9. What are the prime factors of p(l)?
2
Let g = 1716 + -476. List the prime factors of g.
2, 5, 31
Let i = -304 - -516. Suppose i = 78*y - 76*y. What are the prime factors of y?
2, 53
Suppose 0 = -3*l + 159. Suppose 0 = 4*b + l - 293. What are the prime factors of b?
2, 3, 5
Let u(h) = -h**3 + 2*h**2 - h - 19. Let t be u(0). Let d = 119 + t. What are the prime factors of d?
2, 5
Suppose -5*l + 60 = -5*n, 0 = -4*n - 0*n - 4*l - 80. Let s(i) = -62*i - 15 - 14 + 6 + 60*i. What are the prime factors of s(n)?
3
Suppose -2*h + 37 = 3*h - i, 28 = 2*h + 4*i. Let t = h + -8. List the prime factors of 37/(2 + -1 + t).
37
Suppose -2*p = 5*c, 28 = -5*p + 9*p + 3*c. Let n(j) = 9*j - 8 + p - 11 - 2. List the prime factors of n(6).
43
Let u(s) = -s**3 - 2*s**2 - 10*s + 717. List the prime factors of u(0).
3, 239
Let w(c) = 4*c + 109. Let a be w(-26). Let d(y) = y**2 - 7*y + 6. Let v be d(6). Suppose v = o - 2*o + a. What are the prime factors of o?
5
Let r(x) = 12*x**2 - 11*x - 3. Let t(o) = 11*o**2 - 10*o - 2. Let u(m) = 3*r(m) - 4*t(m). Let n be u(5). Let k = 241 + n. What are the prime factors of k?
3, 5
Let j = -148 + 225. Let a = 138 - j. List the prime factors of a.
61
Let m(u) = u**2 + 2*u + 1. Let p be m(-1). Let r be (2 - 2 - p)*1. Suppose a - 9 = -r*a. List the prime factors of a.
3
Let n(l) = l**3 + 4*l**2 + 5*l - 2. Let m be n(-2). List the prime factors of 2 + -2 + 219 - m/1.
223
Let z = 230 + 117. What are the prime factors of z?
347
Suppose 0 = 4*k + k - 10. Let v(z) = -3 - 10 + 6 + 19*z + 7*z. List the prime factors of v(k).
3, 5
Suppose 0 = 3*s - 0 - 9, 3*a = 2*s + 9. Suppose -a*n + 197 - 27 = -5*w, -143 = -4*n - 3*w. List the prime factors of n.
5, 7
Suppose 5*k = -0*o + 4*o - 19, 0 = 2*k - 2. List the prime factors of (3 - 0)*106/o.
53
Let b be 14 + 0*2/6. Let x = b + -4. List the prime factors of (x/(-4))/((-5)/30).
3, 5
Suppose -m - 5*o = 54, o + 156 + 22 = -4*m. Suppose 2*v - s - 189 = -0*s, v - 92 = 3*s. Let c = m + v. List the prime factors of c.
3, 17
Let y(g) be the third derivative of g**6/120 - 4*g**5/15 - 3*g**4/8 - 3*g**3 + 21*g**2. List the prime factors of y(17).
2, 59
Suppose -2*n = 116 - 844. What are the prime factors of n?
2, 7, 13
Let c = -21 + 23. Let h(i) = -9*i**c + 0 - 1 + 39*i**2. What are the prime factors of h(1)?
29
Suppose -5*h + 15 = 2*t - 16, t = h + 5. Suppose 3*u + 3*m = 354, t*m - 3*m = -u + 98. Let d = -71 + u. List the prime factors of d.
2, 13
Let s(l) = -9*l + 1. Let r(m) = -4*m + 1. Let y(w) = -14*r(w) + 6*s(w). Let p(g) = g**2 + g - 14. Let h be p(-5). List the prime factors of y(h).
2
Suppose -4*m - 4254 = -2*f, -5*f - 33*m + 10602 = -32*m. List the prime factors of f.
3, 7, 101
Let i = -10 - -14. Let t(b) = 18*b - 6. Let g be t(i). Let s = g - 40. List the prime factors of s.
2, 13
Suppose -2*w + w = -3*q - 105, -4*q - 558 = -5*w. List the prime factors of w.
2, 3, 19
Let n be (-4)/(-30) - (-174)/45. Suppose 0 = -3*v - 2*i, 2*i - n*i = 0. Suppose 4*o - 13 - 67 = v. List the prime factors of o.
2, 5
Let u(w) = -w**3 + 28*w**2 - 5*w + 28. List the prime factors of u(27).
2, 311
Let o(k) = -3*k**3 - 2*k - 1. Let i be o(-1). Let t(h) = h**2 - 5*h + 6. Let n be t(i). Suppose 0 = -0*d - n*d + 46. What are the prime factors of d?
23
Let v be (-7)/(-4) - 1/(-4). Let k be (12/v)/(10/5). Suppose -5*a - c = -34, a + k*c - 5 = c. List the prime factors of a.
7
Let r = 195 + -63. Suppose 0 = -l - 3*l + 8. Suppose 3*d + 136 = l*y - 2*d, -2*y + r = -4*d. List the prime factors of y.
2, 29
Suppose 0 = -a + 2*o - 7, 2*o - 1 = -2*a + 9. Let k be 329/14 - a/(-2). Suppose 2*u - 16 = -s, -4*u + 16 = 4*s - k. List the prime factors of u.
2, 3
Suppose -1497 - 1239 = -3*p. What are the prime factors of p?
2, 3, 19
Let k(w) = 15*w. Let s(h) = -12*h - 4. Let x be s(-1). List the prime factors of k(x).
2, 3, 5
Suppose -44*l - 4*l + 6816 = 0. What are the prime factors of l?
2, 71
Let q(i) = 2*i - 6. Let y be q(0). Let t = -9 - y. Let u(f) = -2*f**3 + f**2 + 4*f - 4. What are the prime factors of u(t)?
47
Let c(r) = 20*r - 13. Let t(w) = w + 1. Let i(x) = c(x) - 5*t(x). What are the prime factors of i(8)?
2, 3, 17
Let l(m) be the first derivative of m**3/3 + 7*m**2/2 - 6*m + 3. Let a be l(-8). List the prime factors of 1*(a - (-17 - 0)).
19
Let q(y) = -71*y**3 + 3*y + 3. Let u(j) = j**3 + 3*j**2 - 2*j - 7. Let l be u(-3). List the prime factors of q(l).
71
List the prime factors of (-12628)/(-16) - (21/4)/(-7).
2, 5, 79
Let y = -24 + 66. Suppose 0 = -40*o + y*o - 56. List the prime factors of o.
2, 7
Let b(r) = -r**3 + 7*r**2 + 9*r + 9. Let z be b(-5). Let p = z + -188. What are the prime factors of p?
2, 19
Let z(x) = x**2 + 6*x + 9. Let h be z(-2). List the prime factors of (564/10)/(104/80 - h).
2, 47
Let h be (8 - 4)*15/4. Suppose h*x - 118 = 1022. What are the prime factors of x?
2, 19
Let u(c) = 50*c**2 - 2*c - 3. What are the prime factors of u(-3)?
3, 151
Let q(b) = b**2 + 10*b + 7. Let t be q(-8). Let i(y) = -4*y + 17. List the prime factors of i(t).
53
Suppose 3 = 5*o + j, -4*o - 5*j = -4*j - 3. Suppose -w - w = -z - 29, -3*w - 2*z + 40 = o. Let v = 36 - w. What are the prime factors of v?
2, 11
Let o(p) = 5*p**2 + 4*p - 2. Let q be o(3). Let v be (-3)/(-5) + 627/q. What are the prime factors of v*4/18*3?
2
Let u(q) = -13*q + 3. Let v be u(-2). Let n = v + -5. Suppose 2*i - 92 = n. List the prime factors of i.
2, 29
Let g = -35 - -127. What are the prime factors of g?
2, 23
Let s(o) = 2*o**3 - 2*o**2 - 3*o + 3. Let w be s(3). Let n be (2/2)/(5 + -6)*10. Let y = w + n. What are the prime factors of y?
2, 5
What are the prime factors of 2/(3 - 5)*-47?
47
Let b(c) = -c**2 + 28. Suppose 4*x + 4*f + 28 = -56, -53 = 3*x + f. Let t = x - -16. List the prime factors of b(t).
2, 7
Let j = 256 - 400. Let r = -11 - j. List the prime factors of r.
7, 19
Suppose 3*c = -4*n + 305, 2*c = n + 51 - 141. List the prime factors of n.
2, 5
Suppose -n - n = -42. Suppose -20*g = -n*g - 26. Let q = -24 - g. List the prime factors of q.
2
Let n = -37 - -36. What are the prime factors of 3*4/(-12) + (-43)/n?
2, 3, 7
Let v(c) = -c**3 + 9*c**2 - 3*c + 3. Let w be v(9). Let k = 26 - w. List the prime factors of k.
2, 5
What are the prime factors of (2517/5)/((-60)/(-200))?
2, 839
Let n(m) = 2*m**2 + 12*m - 10. Let u = 27 + -37. List the prime factors of n(u).
2, 5, 7
Suppose 4*k = -4*l + 11340, 5*k = 56*l - 55*l + 14145. What are the prime factors of k?
2, 5, 283
Let o = 24 + -24. Suppose 12 = -x + 2*q, 16 = -o*x + x + 5*q. What are the prime factors of 5/10*(-216)/x?
3
Let s(t) = 4*t**2 + 4 - 36379*t - 3 + 36380*t. Suppose 0*g - 2*g = -4. What are the prime factors of s(g)?
19
Let o be (2 + 15 + -3)*1. List the prime factors of o/(-4)*(-8 + -4).
2, 3, 7
Suppose 3*l + 3*i - 48 = 0, -4*l + 2*l - 5*i = -23. Let h be (-19)/2 + (-4)/8. Let o = l + h. List the prime factors of o.
3
Let x(n) = 4*n**3 - n**2 + 4*n - 5. Let h be x(2). Suppose -5*b + 2*b = -45. Let t = h - b. List the prime factors of t.
2
Let h be (1680/(-90))/(2/(-6)). Suppose 0 = -h*m + 55*m + 318. List the prime factors of m.
2, 3, 53
Let s(g) be the first derivative of -137*g**2 - 6*g - 44. What are the prime factors of s(-1)?
2, 67
Suppose -5*x + 2*s - 40 = 0, s = -0*s + 5. Let h be (2 - x)/(-2) + 1. List the prime factors of 12/(-18) - 74/h.
2, 3
Let r(u) = -39*u - 7. Let m be r(4). What are the prime factors of m/3*(-5 - (-7 - -5))?
163
Let n = 522 + -275. List the prime factors of n.
13, 19
Let i be ((-4)/(-5))/(2/10). Suppose -a = 5*s - 0*s + 87, -78 = i*s - 2*a. Let x = s + 29. List the prime factors of x.
11
Suppose 72*r + 73088 - 315368 = 0. List the prime factors of r.